{"id":769,"date":"2019-08-30T15:30:35","date_gmt":"2019-08-30T14:30:35","guid":{"rendered":"http:\/\/ucd.emarkable.ie\/?post_type=events&#038;p=769"},"modified":"2020-08-31T11:59:49","modified_gmt":"2020-08-31T10:59:49","slug":"first-alumni-reception","status":"publish","type":"events","link":"https:\/\/alumni.ucd.ie\/magazine\/events\/first-alumni-reception\/","title":{"rendered":"First Alumni Reception"},"content":{"rendered":"<p>The UCD School of Languages, Cultures and Linguistics held its first alumni reception in May 2019. Held at the newly renovated School in the Newman Building at UCD, it brought together over 50 alumni and staff \u2013 past and present. Professor Bettina Migge, Head of School, welcomed emeritus staff speakers Vera C\u00e1pkov\u00e1 and Professor Jean Michel-Picard, who were joined by alumni speakers. Afterwards guests sampled international food and wines.<\/p>\n<div class=\"ucd-gallery\"><div class=\"ucd-gallery-slider-nav\">\r\n\t\t\t  <div class=\"ucd-item\">\r\n\t\t\t\t<img loading=\"lazy\" decoding=\"async\" src=\"https:\/\/alumni.ucd.ie\/magazine\/wp-content\/uploads\/2019\/08\/SLCL_2-150x150.jpg\" width=\"150\" height=\"150\" alt=\"\" class=\"ucd-gallery-thumb\" \/>\r\n\t\t\t  <\/div>\t \r\n\t\t\t\r\n\t\t\t  <div class=\"ucd-item\">\r\n\t\t\t\t<img loading=\"lazy\" decoding=\"async\" src=\"https:\/\/alumni.ucd.ie\/magazine\/wp-content\/uploads\/2019\/08\/SLCL_1-150x150.jpg\" width=\"150\" height=\"150\" alt=\"\" class=\"ucd-gallery-thumb\" \/>\r\n\t\t\t  <\/div>\t \r\n\t\t\t<\/div>\r\n\t\t\t<div class=\"ucd-gallery-slider-holder\">\r\n\t\t\t\t<div class=\"ucd-gallery-slider-before\" aria-hidden=\"true\"><i class=\"fal fa-search-plus\"><\/i> Click to enlarge<\/div>\r\n\t\t\t\t<div class=\"ucd-gallery-slider\" aria-hidden=\"true\">\r\n\t\t\t<div class=\"ucd-item\">\r\n\t\t\t\t<a data-fancybox=\"gallery\" href=\"https:\/\/alumni.ucd.ie\/magazine\/wp-content\/uploads\/2019\/08\/SLCL_2.jpg\" rel=\"nofollow\">\r\n\t\t\t\t\t<img loading=\"lazy\" decoding=\"async\" src=\"https:\/\/alumni.ucd.ie\/magazine\/wp-content\/uploads\/2019\/08\/SLCL_2-1024x768.jpg\" width=\"640\" height=\"480\" alt=\"\" \/>\r\n\t\t\t\t\t<div class=\"caption\"><div class=\"typewriter\">V\u0115ra C\u00e1pkov\u00e1, Professor Bettina Migge, Professor Jean Michel-Picard, Associate Professor S\u00edofra Pierse. <\/div><\/div>\r\n\t\t\t\t<\/a>\r\n\t\t\t<\/div>\r\n\t\t\t\r\n\t\t\t<div class=\"ucd-item\">\r\n\t\t\t\t<a data-fancybox=\"gallery\" href=\"https:\/\/alumni.ucd.ie\/magazine\/wp-content\/uploads\/2019\/08\/SLCL_1.jpg\" rel=\"nofollow\">\r\n\t\t\t\t\t<img loading=\"lazy\" decoding=\"async\" src=\"https:\/\/alumni.ucd.ie\/magazine\/wp-content\/uploads\/2019\/08\/SLCL_1-1024x768.jpg\" width=\"640\" height=\"480\" alt=\"\" \/>\r\n\t\t\t\t\t<div class=\"caption\"><div class=\"typewriter\">Alumni speakers: Nicholas Twist, Deirdre Hanley, Susan Byrne, Siobh\u00e1n Donovan and Sean O\u2019Keefe<\/div><\/div>\r\n\t\t\t\t<\/a>\r\n\t\t\t<\/div>\r\n\t\t\t<\/div>\r\n\t\t\t<\/div>\r\n\t\t\t<\/div>\n","protected":false},"excerpt":{"rendered":"<p>The UCD School of Languages, Cultures and Linguistics held its first alumni reception in May 2019. Held at the newly renovated School in the Newman Building at UCD, it brought together over 50 alumni and staff \u2013 past and present. Professor Bettina Migge, Head of School, welcomed emeritus staff speakers Vera C\u00e1pkov\u00e1 and Professor Jean&#8230;<\/p>\n","protected":false},"featured_media":767,"template":"","event_categories":[52],"class_list":["post-769","events","type-events","status-publish","has-post-thumbnail","hentry","event_categories-52"],"acf":[],"yoast_head":"<!-- This site is optimized with the Yoast SEO plugin v23.3 - https:\/\/yoast.com\/wordpress\/plugins\/seo\/ -->\n<title>First Alumni Reception - 2019 Alumni Relations - UCD Connections<\/title>\n<meta name=\"robots\" content=\"index, follow, max-snippet:-1, max-image-preview:large, max-video-preview:-1\" \/>\n<link rel=\"canonical\" href=\"https:\/\/alumni.ucd.ie\/magazine\/events\/first-alumni-reception\/\" \/>\n<meta property=\"og:locale\" content=\"en_GB\" \/>\n<meta property=\"og:type\" content=\"article\" \/>\n<meta property=\"og:title\" content=\"First Alumni Reception - 2019 Alumni Relations - UCD Connections\" \/>\n<meta property=\"og:description\" content=\"The UCD School of Languages, Cultures and Linguistics held its first alumni reception in May 2019. Held at the newly renovated School in the Newman Building at UCD, it brought together over 50 alumni and staff \u2013 past and present. Professor Bettina Migge, Head of School, welcomed emeritus staff speakers Vera C\u00e1pkov\u00e1 and Professor Jean...\" \/>\n<meta property=\"og:url\" content=\"https:\/\/alumni.ucd.ie\/magazine\/events\/first-alumni-reception\/\" \/>\n<meta property=\"og:site_name\" content=\"UCD Connections\" \/>\n<meta property=\"article:publisher\" content=\"http:\/\/www.facebook.com\/UCD.Alumni\" \/>\n<meta property=\"article:modified_time\" content=\"2020-08-31T10:59:49+00:00\" \/>\n<meta property=\"og:image\" content=\"https:\/\/alumni.ucd.ie\/magazine\/wp-content\/uploads\/2019\/08\/SLCL_1.jpg\" \/>\n\t<meta property=\"og:image:width\" content=\"1200\" \/>\n\t<meta property=\"og:image:height\" content=\"900\" \/>\n\t<meta property=\"og:image:type\" content=\"image\/jpeg\" \/>\n<meta name=\"twitter:card\" content=\"summary_large_image\" \/>\n<script type=\"application\/ld+json\" class=\"yoast-schema-graph\">{\"@context\":\"https:\/\/schema.org\",\"@graph\":[{\"@type\":\"WebPage\",\"@id\":\"https:\/\/alumni.ucd.ie\/magazine\/events\/first-alumni-reception\/\",\"url\":\"https:\/\/alumni.ucd.ie\/magazine\/events\/first-alumni-reception\/\",\"name\":\"First Alumni Reception - 2019 Alumni Relations - UCD Connections\",\"isPartOf\":{\"@id\":\"https:\/\/alumni.ucd.ie\/magazine\/#website\"},\"primaryImageOfPage\":{\"@id\":\"https:\/\/alumni.ucd.ie\/magazine\/events\/first-alumni-reception\/#primaryimage\"},\"image\":{\"@id\":\"https:\/\/alumni.ucd.ie\/magazine\/events\/first-alumni-reception\/#primaryimage\"},\"thumbnailUrl\":\"https:\/\/alumni.ucd.ie\/magazine\/wp-content\/uploads\/2019\/08\/SLCL_1.jpg\",\"datePublished\":\"2019-08-30T14:30:35+00:00\",\"dateModified\":\"2020-08-31T10:59:49+00:00\",\"breadcrumb\":{\"@id\":\"https:\/\/alumni.ucd.ie\/magazine\/events\/first-alumni-reception\/#breadcrumb\"},\"inLanguage\":\"en-GB\",\"potentialAction\":[{\"@type\":\"ReadAction\",\"target\":[\"https:\/\/alumni.ucd.ie\/magazine\/events\/first-alumni-reception\/\"]}]},{\"@type\":\"ImageObject\",\"inLanguage\":\"en-GB\",\"@id\":\"https:\/\/alumni.ucd.ie\/magazine\/events\/first-alumni-reception\/#primaryimage\",\"url\":\"https:\/\/alumni.ucd.ie\/magazine\/wp-content\/uploads\/2019\/08\/SLCL_1.jpg\",\"contentUrl\":\"https:\/\/alumni.ucd.ie\/magazine\/wp-content\/uploads\/2019\/08\/SLCL_1.jpg\",\"width\":1200,\"height\":900,\"caption\":\"Alumni speakers: Nicholas Twist, Deirdre Hanley, Susan Byrne, Siobh\u00e1n Donovan and Sean O\u2019Keefe\"},{\"@type\":\"BreadcrumbList\",\"@id\":\"https:\/\/alumni.ucd.ie\/magazine\/events\/first-alumni-reception\/#breadcrumb\",\"itemListElement\":[{\"@type\":\"ListItem\",\"position\":1,\"name\":\"Home\",\"item\":\"https:\/\/alumni.ucd.ie\/magazine\/\"},{\"@type\":\"ListItem\",\"position\":2,\"name\":\"Events\",\"item\":\"https:\/\/alumni.ucd.ie\/magazine\/events\/\"},{\"@type\":\"ListItem\",\"position\":3,\"name\":\"First Alumni Reception\"}]},{\"@type\":\"WebSite\",\"@id\":\"https:\/\/alumni.ucd.ie\/magazine\/#website\",\"url\":\"https:\/\/alumni.ucd.ie\/magazine\/\",\"name\":\"UCD Connections\",\"description\":\"\",\"publisher\":{\"@id\":\"https:\/\/alumni.ucd.ie\/magazine\/#organization\"},\"potentialAction\":[{\"@type\":\"SearchAction\",\"target\":{\"@type\":\"EntryPoint\",\"urlTemplate\":\"https:\/\/alumni.ucd.ie\/magazine\/?s={search_term_string}\"},\"query-input\":\"required name=search_term_string\"}],\"inLanguage\":\"en-GB\"},{\"@type\":\"Organization\",\"@id\":\"https:\/\/alumni.ucd.ie\/magazine\/#organization\",\"name\":\"UCD Connections - Alumni Magazine\",\"url\":\"https:\/\/alumni.ucd.ie\/magazine\/\",\"logo\":{\"@type\":\"ImageObject\",\"inLanguage\":\"en-GB\",\"@id\":\"https:\/\/alumni.ucd.ie\/magazine\/#\/schema\/logo\/image\/\",\"url\":\"https:\/\/alumni.ucd.ie\/magazine\/wp-content\/uploads\/2019\/07\/UCD-Connections-logo.jpg\",\"contentUrl\":\"https:\/\/alumni.ucd.ie\/magazine\/wp-content\/uploads\/2019\/07\/UCD-Connections-logo.jpg\",\"width\":312,\"height\":149,\"caption\":\"UCD Connections - Alumni Magazine\"},\"image\":{\"@id\":\"https:\/\/alumni.ucd.ie\/magazine\/#\/schema\/logo\/image\/\"},\"sameAs\":[\"http:\/\/www.facebook.com\/UCD.Alumni\",\"https:\/\/www.instagram.com\/ucdalumni\/\",\"https:\/\/www.linkedin.com\/in\/ucdalumni\",\"http:\/\/www.youtube.com\/user\/UCDAlumni1\"]}]}<\/script>\n<!-- \/ Yoast SEO plugin. -->","yoast_head_json":{"title":"First Alumni Reception - 2019 Alumni Relations - UCD Connections","robots":{"index":"index","follow":"follow","max-snippet":"max-snippet:-1","max-image-preview":"max-image-preview:large","max-video-preview":"max-video-preview:-1"},"canonical":"https:\/\/alumni.ucd.ie\/magazine\/events\/first-alumni-reception\/","og_locale":"en_GB","og_type":"article","og_title":"First Alumni Reception - 2019 Alumni Relations - UCD Connections","og_description":"The UCD School of Languages, Cultures and Linguistics held its first alumni reception in May 2019. Held at the newly renovated School in the Newman Building at UCD, it brought together over 50 alumni and staff \u2013 past and present. Professor Bettina Migge, Head of School, welcomed emeritus staff speakers Vera C\u00e1pkov\u00e1 and Professor Jean...","og_url":"https:\/\/alumni.ucd.ie\/magazine\/events\/first-alumni-reception\/","og_site_name":"UCD Connections","article_publisher":"http:\/\/www.facebook.com\/UCD.Alumni","article_modified_time":"2020-08-31T10:59:49+00:00","og_image":[{"width":1200,"height":900,"url":"https:\/\/alumni.ucd.ie\/magazine\/wp-content\/uploads\/2019\/08\/SLCL_1.jpg","type":"image\/jpeg"}],"twitter_card":"summary_large_image","schema":{"@context":"https:\/\/schema.org","@graph":[{"@type":"WebPage","@id":"https:\/\/alumni.ucd.ie\/magazine\/events\/first-alumni-reception\/","url":"https:\/\/alumni.ucd.ie\/magazine\/events\/first-alumni-reception\/","name":"First Alumni Reception - 2019 Alumni Relations - UCD Connections","isPartOf":{"@id":"https:\/\/alumni.ucd.ie\/magazine\/#website"},"primaryImageOfPage":{"@id":"https:\/\/alumni.ucd.ie\/magazine\/events\/first-alumni-reception\/#primaryimage"},"image":{"@id":"https:\/\/alumni.ucd.ie\/magazine\/events\/first-alumni-reception\/#primaryimage"},"thumbnailUrl":"https:\/\/alumni.ucd.ie\/magazine\/wp-content\/uploads\/2019\/08\/SLCL_1.jpg","datePublished":"2019-08-30T14:30:35+00:00","dateModified":"2020-08-31T10:59:49+00:00","breadcrumb":{"@id":"https:\/\/alumni.ucd.ie\/magazine\/events\/first-alumni-reception\/#breadcrumb"},"inLanguage":"en-GB","potentialAction":[{"@type":"ReadAction","target":["https:\/\/alumni.ucd.ie\/magazine\/events\/first-alumni-reception\/"]}]},{"@type":"ImageObject","inLanguage":"en-GB","@id":"https:\/\/alumni.ucd.ie\/magazine\/events\/first-alumni-reception\/#primaryimage","url":"https:\/\/alumni.ucd.ie\/magazine\/wp-content\/uploads\/2019\/08\/SLCL_1.jpg","contentUrl":"https:\/\/alumni.ucd.ie\/magazine\/wp-content\/uploads\/2019\/08\/SLCL_1.jpg","width":1200,"height":900,"caption":"Alumni speakers: Nicholas Twist, Deirdre Hanley, Susan Byrne, Siobh\u00e1n Donovan and Sean O\u2019Keefe"},{"@type":"BreadcrumbList","@id":"https:\/\/alumni.ucd.ie\/magazine\/events\/first-alumni-reception\/#breadcrumb","itemListElement":[{"@type":"ListItem","position":1,"name":"Home","item":"https:\/\/alumni.ucd.ie\/magazine\/"},{"@type":"ListItem","position":2,"name":"Events","item":"https:\/\/alumni.ucd.ie\/magazine\/events\/"},{"@type":"ListItem","position":3,"name":"First Alumni Reception"}]},{"@type":"WebSite","@id":"https:\/\/alumni.ucd.ie\/magazine\/#website","url":"https:\/\/alumni.ucd.ie\/magazine\/","name":"UCD Connections","description":"","publisher":{"@id":"https:\/\/alumni.ucd.ie\/magazine\/#organization"},"potentialAction":[{"@type":"SearchAction","target":{"@type":"EntryPoint","urlTemplate":"https:\/\/alumni.ucd.ie\/magazine\/?s={search_term_string}"},"query-input":"required name=search_term_string"}],"inLanguage":"en-GB"},{"@type":"Organization","@id":"https:\/\/alumni.ucd.ie\/magazine\/#organization","name":"UCD Connections - Alumni Magazine","url":"https:\/\/alumni.ucd.ie\/magazine\/","logo":{"@type":"ImageObject","inLanguage":"en-GB","@id":"https:\/\/alumni.ucd.ie\/magazine\/#\/schema\/logo\/image\/","url":"https:\/\/alumni.ucd.ie\/magazine\/wp-content\/uploads\/2019\/07\/UCD-Connections-logo.jpg","contentUrl":"https:\/\/alumni.ucd.ie\/magazine\/wp-content\/uploads\/2019\/07\/UCD-Connections-logo.jpg","width":312,"height":149,"caption":"UCD Connections - Alumni Magazine"},"image":{"@id":"https:\/\/alumni.ucd.ie\/magazine\/#\/schema\/logo\/image\/"},"sameAs":["http:\/\/www.facebook.com\/UCD.Alumni","https:\/\/www.instagram.com\/ucdalumni\/","https:\/\/www.linkedin.com\/in\/ucdalumni","http:\/\/www.youtube.com\/user\/UCDAlumni1"]}]}},"_links":{"self":[{"href":"https:\/\/alumni.ucd.ie\/magazine\/wp-json\/wp\/v2\/events\/769"}],"collection":[{"href":"https:\/\/alumni.ucd.ie\/magazine\/wp-json\/wp\/v2\/events"}],"about":[{"href":"https:\/\/alumni.ucd.ie\/magazine\/wp-json\/wp\/v2\/types\/events"}],"wp:featuredmedia":[{"embeddable":true,"href":"https:\/\/alumni.ucd.ie\/magazine\/wp-json\/wp\/v2\/media\/767"}],"wp:attachment":[{"href":"https:\/\/alumni.ucd.ie\/magazine\/wp-json\/wp\/v2\/media?parent=769"}],"wp:term":[{"taxonomy":"event_categories","embeddable":true,"href":"https:\/\/alumni.ucd.ie\/magazine\/wp-json\/wp\/v2\/event_categories?post=769"}],"curies":[{"name":"wp","href":"https:\/\/api.w.org\/{rel}","templated":true}]}}

<p>The UCD School of Languages, Cultures and Linguistics held its first alumni reception in May 2019. Held at the newly renovated School in the Newman Building at UCD, it brought together over 50 alumni and staff – past and present. Professor Bettina Migge, Head of School, welcomed emeritus staff speakers Vera Cápková and Professor Jean Michel-Picard, who were joined by alumni speakers. Afterwards guests sampled international food and wines.</p>
<div class="ucd-gallery"><div class="ucd-gallery-slider-nav">
			  <div class="ucd-item">
				<img loading="lazy" decoding="async" src="https://alumni.ucd.ie/magazine/wp-content/uploads/2019/08/SLCL_2-150x150.jpg" width="150" height="150" alt="" class="ucd-gallery-thumb" />
			  </div>	 
			
			  <div class="ucd-item">
				<img loading="lazy" decoding="async" src="https://alumni.ucd.ie/magazine/wp-content/uploads/2019/08/SLCL_1-150x150.jpg" width="150" height="150" alt="" class="ucd-gallery-thumb" />
			  </div>	 
			</div>
			<div class="ucd-gallery-slider-holder">
				<div class="ucd-gallery-slider-before" aria-hidden="true"><i class="fal fa-search-plus"></i> Click to enlarge</div>
				<div class="ucd-gallery-slider" aria-hidden="true">
			<div class="ucd-item">
				<a data-fancybox="gallery" href="https://alumni.ucd.ie/magazine/wp-content/uploads/2019/08/SLCL_2.jpg" rel="nofollow">
					<img loading="lazy" decoding="async" src="https://alumni.ucd.ie/magazine/wp-content/uploads/2019/08/SLCL_2-1024x768.jpg" width="640" height="480" alt="" />
					<div class="caption"><div class="typewriter">Vĕra Cápková, Professor Bettina Migge, Professor Jean Michel-Picard, Associate Professor Síofra Pierse. </div></div>
				</a>
			</div>
			
			<div class="ucd-item">
				<a data-fancybox="gallery" href="https://alumni.ucd.ie/magazine/wp-content/uploads/2019/08/SLCL_1.jpg" rel="nofollow">
					<img loading="lazy" decoding="async" src="https://alumni.ucd.ie/magazine/wp-content/uploads/2019/08/SLCL_1-1024x768.jpg" width="640" height="480" alt="" />
					<div class="caption"><div class="typewriter">Alumni speakers: Nicholas Twist, Deirdre Hanley, Susan Byrne, Siobhán Donovan and Sean O’Keefe</div></div>
				</a>
			</div>
			</div>
			</div>
			</div>

<p>The UCD School of Languages, Cultures and Linguistics held its first alumni reception in May 2019. Held at the newly renovated School in the Newman Building at UCD, it brought together over 50 alumni and staff – past and present. Professor Bettina Migge, Head of School, welcomed emeritus staff speakers Vera Cápková and Professor Jean&#8230;</p>

<!-- This site is optimized with the Yoast SEO plugin v23.3 - https://yoast.com/wordpress/plugins/seo/ -->
<title>First Alumni Reception - 2019 Alumni Relations - UCD Connections</title>
<meta name="robots" content="index, follow, max-snippet:-1, max-image-preview:large, max-video-preview:-1" />
<link rel="canonical" href="https://alumni.ucd.ie/magazine/events/first-alumni-reception/" />
<meta property="og:locale" content="en_GB" />
<meta property="og:type" content="article" />
<meta property="og:title" content="First Alumni Reception - 2019 Alumni Relations - UCD Connections" />
<meta property="og:description" content="The UCD School of Languages, Cultures and Linguistics held its first alumni reception in May 2019. Held at the newly renovated School in the Newman Building at UCD, it brought together over 50 alumni and staff – past and present. Professor Bettina Migge, Head of School, welcomed emeritus staff speakers Vera Cápková and Professor Jean..." />
<meta property="og:url" content="https://alumni.ucd.ie/magazine/events/first-alumni-reception/" />
<meta property="og:site_name" content="UCD Connections" />
<meta property="article:publisher" content="http://www.facebook.com/UCD.Alumni" />
<meta property="article:modified_time" content="2020-08-31T10:59:49+00:00" />
<meta property="og:image" content="https://alumni.ucd.ie/magazine/wp-content/uploads/2019/08/SLCL_1.jpg" />
	<meta property="og:image:width" content="1200" />
	<meta property="og:image:height" content="900" />
	<meta property="og:image:type" content="image/jpeg" />
<meta name="twitter:card" content="summary_large_image" />
<script type="application/ld+json" class="yoast-schema-graph">{"@context":"https://schema.org","@graph":[{"@type":"WebPage","@id":"https://alumni.ucd.ie/magazine/events/first-alumni-reception/","url":"https://alumni.ucd.ie/magazine/events/first-alumni-reception/","name":"First Alumni Reception - 2019 Alumni Relations - UCD Connections","isPartOf":{"@id":"https://alumni.ucd.ie/magazine/#website"},"primaryImageOfPage":{"@id":"https://alumni.ucd.ie/magazine/events/first-alumni-reception/#primaryimage"},"image":{"@id":"https://alumni.ucd.ie/magazine/events/first-alumni-reception/#primaryimage"},"thumbnailUrl":"https://alumni.ucd.ie/magazine/wp-content/uploads/2019/08/SLCL_1.jpg","datePublished":"2019-08-30T14:30:35+00:00","dateModified":"2020-08-31T10:59:49+00:00","breadcrumb":{"@id":"https://alumni.ucd.ie/magazine/events/first-alumni-reception/#breadcrumb"},"inLanguage":"en-GB","potentialAction":[{"@type":"ReadAction","target":["https://alumni.ucd.ie/magazine/events/first-alumni-reception/"]}]},{"@type":"ImageObject","inLanguage":"en-GB","@id":"https://alumni.ucd.ie/magazine/events/first-alumni-reception/#primaryimage","url":"https://alumni.ucd.ie/magazine/wp-content/uploads/2019/08/SLCL_1.jpg","contentUrl":"https://alumni.ucd.ie/magazine/wp-content/uploads/2019/08/SLCL_1.jpg","width":1200,"height":900,"caption":"Alumni speakers: Nicholas Twist, Deirdre Hanley, Susan Byrne, Siobhán Donovan and Sean O’Keefe"},{"@type":"BreadcrumbList","@id":"https://alumni.ucd.ie/magazine/events/first-alumni-reception/#breadcrumb","itemListElement":[{"@type":"ListItem","position":1,"name":"Home","item":"https://alumni.ucd.ie/magazine/"},{"@type":"ListItem","position":2,"name":"Events","item":"https://alumni.ucd.ie/magazine/events/"},{"@type":"ListItem","position":3,"name":"First Alumni Reception"}]},{"@type":"WebSite","@id":"https://alumni.ucd.ie/magazine/#website","url":"https://alumni.ucd.ie/magazine/","name":"UCD Connections","description":"","publisher":{"@id":"https://alumni.ucd.ie/magazine/#organization"},"potentialAction":[{"@type":"SearchAction","target":{"@type":"EntryPoint","urlTemplate":"https://alumni.ucd.ie/magazine/?s={search_term_string}"},"query-input":"required name=search_term_string"}],"inLanguage":"en-GB"},{"@type":"Organization","@id":"https://alumni.ucd.ie/magazine/#organization","name":"UCD Connections - Alumni Magazine","url":"https://alumni.ucd.ie/magazine/","logo":{"@type":"ImageObject","inLanguage":"en-GB","@id":"https://alumni.ucd.ie/magazine/#/schema/logo/image/","url":"https://alumni.ucd.ie/magazine/wp-content/uploads/2019/07/UCD-Connections-logo.jpg","contentUrl":"https://alumni.ucd.ie/magazine/wp-content/uploads/2019/07/UCD-Connections-logo.jpg","width":312,"height":149,"caption":"UCD Connections - Alumni Magazine"},"image":{"@id":"https://alumni.ucd.ie/magazine/#/schema/logo/image/"},"sameAs":["http://www.facebook.com/UCD.Alumni","https://www.instagram.com/ucdalumni/","https://www.linkedin.com/in/ucdalumni","http://www.youtube.com/user/UCDAlumni1"]}]}</script>
<!-- / Yoast SEO plugin. -->

The UCD School of Languages, Cultures and Linguistics held its first alumni reception in May 2019. Held at the newly renovated School in the Newman Building at UCD, it brought together over 50 alumni and staff – past and present. Professor Bettina Migge, Head of School, welcomed emeritus staff speakers Vera Cápková and Professor Jean...

Alumni speakers: Nicholas Twist, Deirdre Hanley, Susan Byrne, Siobhán Donovan and Sean O’Keefe
